{"id":51,"date":"2025-09-26T12:39:28","date_gmt":"2025-09-26T18:39:28","guid":{"rendered":"https:\/\/macii.uaz.edu.mx\/?page_id=51"},"modified":"2025-09-26T12:46:55","modified_gmt":"2025-09-26T18:46:55","slug":"objetivos","status":"publish","type":"page","link":"https:\/\/macii.uaz.edu.mx\/?page_id=51","title":{"rendered":"Objetivos"},"content":{"rendered":"\t\t<div data-elementor-type=\"wp-page\" data-elementor-id=\"51\" class=\"elementor elementor-51\">\n\t\t\t\t<div class=\"elementor-element elementor-element-22e1d5b e-flex e-con-boxed e-con e-parent\" data-id=\"22e1d5b\" data-element_type=\"container\" data-e-type=\"container\">\n\t\t\t\t\t<div class=\"e-con-inner\">\n\t\t\t\t<div class=\"elementor-element elementor-element-95cef40 elementor-widget elementor-widget-heading\" data-id=\"95cef40\" data-element_type=\"widget\" data-e-type=\"widget\" data-widget_type=\"heading.default\">\n\t\t\t\t\t<h2 class=\"elementor-heading-title elementor-size-default\">Objetivos<\/h2>\t\t\t\t<\/div>\n\t\t\t\t<div class=\"elementor-element elementor-element-a796f02 elementor-widget-divider--view-line elementor-widget elementor-widget-divider\" data-id=\"a796f02\" data-element_type=\"widget\" data-e-type=\"widget\" data-widget_type=\"divider.default\">\n\t\t\t\t\t\t\t<div class=\"elementor-divider\">\n\t\t\t<span class=\"elementor-divider-separator\">\n\t\t\t\t\t\t<\/span>\n\t\t<\/div>\n\t\t\t\t\t\t<\/div>\n\t\t\t\t\t<\/div>\n\t\t\t\t<\/div>\n\t\t<div class=\"elementor-element elementor-element-94a179b e-flex e-con-boxed e-con e-parent\" data-id=\"94a179b\" data-element_type=\"container\" data-e-type=\"container\">\n\t\t\t\t\t<div class=\"e-con-inner\">\n\t\t<div class=\"elementor-element elementor-element-8b1c169 e-grid e-con-full e-con e-child\" data-id=\"8b1c169\" data-element_type=\"container\" data-e-type=\"container\">\n\t\t\t\t<div class=\"elementor-element elementor-element-33250c5 elementor-widget elementor-widget-heading\" data-id=\"33250c5\" data-element_type=\"widget\" data-e-type=\"widget\" data-widget_type=\"heading.default\">\n\t\t\t\t\t<h2 class=\"elementor-heading-title elementor-size-default\">Objetivo General<\/h2>\t\t\t\t<\/div>\n\t\t\t\t<div class=\"elementor-element elementor-element-d36512d elementor-widget elementor-widget-heading\" data-id=\"d36512d\" data-element_type=\"widget\" data-e-type=\"widget\" data-widget_type=\"heading.default\">\n\t\t\t\t\t<h2 class=\"elementor-heading-title elementor-size-default\">Objetivo Espec\u00edfico<\/h2>\t\t\t\t<\/div>\n\t\t\t\t<\/div>\n\t\t\t\t\t<\/div>\n\t\t\t\t<\/div>\n\t\t<div class=\"elementor-element elementor-element-b6dc1d7 e-flex e-con-boxed e-con e-parent\" data-id=\"b6dc1d7\" data-element_type=\"container\" data-e-type=\"container\">\n\t\t\t\t\t<div class=\"e-con-inner\">\n\t\t<div class=\"elementor-element elementor-element-dfa9ae0 e-grid e-con-full e-con e-child\" data-id=\"dfa9ae0\" data-element_type=\"container\" data-e-type=\"container\">\n\t\t\t\t<div class=\"elementor-element elementor-element-4883f24 elementor-widget elementor-widget-text-editor\" data-id=\"4883f24\" data-element_type=\"widget\" data-e-type=\"widget\" data-widget_type=\"text-editor.default\">\n\t\t\t\t\t\t\t\t\t<p>Formar profesionales de calidad, a nivel de maestr\u00eda, dedicados al estudio de diversas ramas de la ingenier\u00eda, contribuyendo a la generaci\u00f3n y aplicaci\u00f3n de conocimientos, a trav\u00e9s del desarrollo de proyectos de investigaci\u00f3n que impacten en la soluci\u00f3n de problemas en el sector social, de \u00edndole regional y nacional.<\/p>\t\t\t\t\t\t\t\t<\/div>\n\t\t\t\t<div class=\"elementor-element elementor-element-69174bf elementor-widget elementor-widget-text-editor\" data-id=\"69174bf\" data-element_type=\"widget\" data-e-type=\"widget\" data-widget_type=\"text-editor.default\">\n\t\t\t\t\t\t\t\t\t<ul><li>Formar recursos humanos con un alto nivel de especializaci\u00f3n cient\u00edfica.<\/li><li>Generar conocimientos mediante el desarrollo de proyectos de investigaci\u00f3n que impacten en soluci\u00f3n de la problem\u00e1tica local, nacional e internacional.<\/li><li>Ofrecer alternativas para el desarrollo de prototipos que contribuyan a la soluci\u00f3n de problemas cient\u00edficos, tecnol\u00f3gicos y\/o industriales, en las L\u00edneas de Generaci\u00f3n y Aplicaci\u00f3n del Conocimiento (LGAC): Energ\u00edas Alternas y Mejoramiento Ambiental y Procesamiento de Se\u00f1ales y Mecatr\u00f3nica.<\/li><\/ul>\t\t\t\t\t\t\t\t<\/div>\n\t\t\t\t<\/div>\n\t\t\t\t\t<\/div>\n\t\t\t\t<\/div>\n\t\t\t\t<\/div>\n\t\t","protected":false},"excerpt":{"rendered":"<p>Objetivos Objetivo General Objetivo Espec\u00edfico Formar profesionales de calidad, a nivel de maestr\u00eda, dedicados al estudio de diversas ramas de la ingenier\u00eda, contribuyendo a la generaci\u00f3n y aplicaci\u00f3n de conocimientos, a trav\u00e9s del desarrollo de proyectos de investigaci\u00f3n que impacten en la soluci\u00f3n de problemas en el sector social, de \u00edndole regional y nacional. Formar <a class=\"read-more\" href=\"https:\/\/macii.uaz.edu.mx\/?page_id=51\">Read More<\/a><\/p>\n","protected":false},"author":1,"featured_media":0,"parent":0,"menu_order":0,"comment_status":"closed","ping_status":"closed","template":"","meta":{"footnotes":""},"class_list":["post-51","page","type-page","status-publish","hentry"],"_links":{"self":[{"href":"https:\/\/macii.uaz.edu.mx\/index.php?rest_route=\/wp\/v2\/pages\/51","targetHints":{"allow":["GET"]}}],"collection":[{"href":"https:\/\/macii.uaz.edu.mx\/index.php?rest_route=\/wp\/v2\/pages"}],"about":[{"href":"https:\/\/macii.uaz.edu.mx\/index.php?rest_route=\/wp\/v2\/types\/page"}],"author":[{"embeddable":true,"href":"https:\/\/macii.uaz.edu.mx\/index.php?rest_route=\/wp\/v2\/users\/1"}],"replies":[{"embeddable":true,"href":"https:\/\/macii.uaz.edu.mx\/index.php?rest_route=%2Fwp%2Fv2%2Fcomments&post=51"}],"version-history":[{"count":17,"href":"https:\/\/macii.uaz.edu.mx\/index.php?rest_route=\/wp\/v2\/pages\/51\/revisions"}],"predecessor-version":[{"id":77,"href":"https:\/\/macii.uaz.edu.mx\/index.php?rest_route=\/wp\/v2\/pages\/51\/revisions\/77"}],"wp:attachment":[{"href":"https:\/\/macii.uaz.edu.mx\/index.php?rest_route=%2Fwp%2Fv2%2Fmedia&parent=51"}],"curies":[{"name":"wp","href":"https:\/\/api.w.org\/{rel}","templated":true}]}}