{"id":33,"date":"2025-09-24T13:47:40","date_gmt":"2025-09-24T19:47:40","guid":{"rendered":"https:\/\/macii.uaz.edu.mx\/?page_id=33"},"modified":"2025-09-26T12:41:50","modified_gmt":"2025-09-26T18:41:50","slug":"mision-y-vision","status":"publish","type":"page","link":"https:\/\/macii.uaz.edu.mx\/?page_id=33","title":{"rendered":"Misi\u00f3n y Visi\u00f3n"},"content":{"rendered":"\t\t<div data-elementor-type=\"wp-page\" data-elementor-id=\"33\" class=\"elementor elementor-33\">\n\t\t\t\t<div class=\"elementor-element elementor-element-85e5160 e-flex e-con-boxed e-con e-parent\" data-id=\"85e5160\" data-element_type=\"container\" data-e-type=\"container\">\n\t\t\t\t\t<div class=\"e-con-inner\">\n\t\t\t\t<div class=\"elementor-element elementor-element-9bd854d elementor-widget elementor-widget-heading\" data-id=\"9bd854d\" data-element_type=\"widget\" data-e-type=\"widget\" data-widget_type=\"heading.default\">\n\t\t\t\t\t<h2 class=\"elementor-heading-title elementor-size-default\">Misi\u00f3n y Visi\u00f3n<\/h2>\t\t\t\t<\/div>\n\t\t\t\t<div class=\"elementor-element elementor-element-8834712 elementor-widget-divider--view-line elementor-widget elementor-widget-divider\" data-id=\"8834712\" data-element_type=\"widget\" data-e-type=\"widget\" data-widget_type=\"divider.default\">\n\t\t\t\t\t\t\t<div class=\"elementor-divider\">\n\t\t\t<span class=\"elementor-divider-separator\">\n\t\t\t\t\t\t<\/span>\n\t\t<\/div>\n\t\t\t\t\t\t<\/div>\n\t\t\t\t\t<\/div>\n\t\t\t\t<\/div>\n\t\t<div class=\"elementor-element elementor-element-427c9f6 e-flex e-con-boxed e-con e-parent\" data-id=\"427c9f6\" data-element_type=\"container\" data-e-type=\"container\">\n\t\t\t\t\t<div class=\"e-con-inner\">\n\t\t<div class=\"elementor-element elementor-element-a0d4bb4 e-grid e-con-full e-con e-child\" data-id=\"a0d4bb4\" data-element_type=\"container\" data-e-type=\"container\">\n\t\t\t\t<div class=\"elementor-element elementor-element-95eb10e elementor-widget elementor-widget-heading\" data-id=\"95eb10e\" data-element_type=\"widget\" data-e-type=\"widget\" data-widget_type=\"heading.default\">\n\t\t\t\t\t<h2 class=\"elementor-heading-title elementor-size-default\">Misi\u00f3n<\/h2>\t\t\t\t<\/div>\n\t\t\t\t<div class=\"elementor-element elementor-element-40d49ef elementor-widget elementor-widget-heading\" data-id=\"40d49ef\" data-element_type=\"widget\" data-e-type=\"widget\" data-widget_type=\"heading.default\">\n\t\t\t\t\t<h2 class=\"elementor-heading-title elementor-size-default\">Visi\u00f3n<\/h2>\t\t\t\t<\/div>\n\t\t\t\t<\/div>\n\t\t\t\t\t<\/div>\n\t\t\t\t<\/div>\n\t\t<div class=\"elementor-element elementor-element-bd06723 e-flex e-con-boxed e-con e-parent\" data-id=\"bd06723\" data-element_type=\"container\" data-e-type=\"container\">\n\t\t\t\t\t<div class=\"e-con-inner\">\n\t\t<div class=\"elementor-element elementor-element-2a66933 e-grid e-con-full e-con e-child\" data-id=\"2a66933\" data-element_type=\"container\" data-e-type=\"container\">\n\t\t\t\t<div class=\"elementor-element elementor-element-54d328d elementor-widget elementor-widget-text-editor\" data-id=\"54d328d\" data-element_type=\"widget\" data-e-type=\"widget\" data-widget_type=\"text-editor.default\">\n\t\t\t\t\t\t\t\t\t<p>Generar, transferir, difundir y aplicar conocimientos especializados relacionados con las Ciencias de la Ingenier\u00eda, para impulsar y contribuir a la soluci\u00f3n de los problemas, el desarrollo cient\u00edfico, tecnol\u00f3gico, acad\u00e9mico, econ\u00f3mico y social de la regi\u00f3n y el pa\u00eds.<\/p>\t\t\t\t\t\t\t\t<\/div>\n\t\t\t\t<div class=\"elementor-element elementor-element-85626b6 elementor-widget elementor-widget-text-editor\" data-id=\"85626b6\" data-element_type=\"widget\" data-e-type=\"widget\" data-widget_type=\"text-editor.default\">\n\t\t\t\t\t\t\t\t\t<p>Ser un Programa de Maestr\u00eda de competencia internacional, de excelencia y vanguardia en investigaci\u00f3n cient\u00edfica, innovaci\u00f3n y desarrollo tecnol\u00f3gico, que contribuya sustancialmente a trav\u00e9s de la calidad y la competitividad acad\u00e9mica generar conocimiento y tecnolog\u00eda para el desarrollo de la regi\u00f3n y del pa\u00eds. Teniendo como premisa fundamental el crecimiento individual y colectivo de sus integrantes que se caractericen por tener un alto compromiso social, creatividad tecnol\u00f3gica y disciplina cient\u00edfica.<\/p>\t\t\t\t\t\t\t\t<\/div>\n\t\t\t\t<\/div>\n\t\t\t\t\t<\/div>\n\t\t\t\t<\/div>\n\t\t\t\t<\/div>\n\t\t","protected":false},"excerpt":{"rendered":"<p>Misi\u00f3n y Visi\u00f3n Misi\u00f3n Visi\u00f3n Generar, transferir, difundir y aplicar conocimientos especializados relacionados con las Ciencias de la Ingenier\u00eda, para impulsar y contribuir a la soluci\u00f3n de los problemas, el desarrollo cient\u00edfico, tecnol\u00f3gico, acad\u00e9mico, econ\u00f3mico y social de la regi\u00f3n y el pa\u00eds. Ser un Programa de Maestr\u00eda de competencia internacional, de excelencia y vanguardia <a class=\"read-more\" href=\"https:\/\/macii.uaz.edu.mx\/?page_id=33\">Read More<\/a><\/p>\n","protected":false},"author":1,"featured_media":0,"parent":0,"menu_order":0,"comment_status":"closed","ping_status":"closed","template":"","meta":{"footnotes":""},"class_list":["post-33","page","type-page","status-publish","hentry"],"_links":{"self":[{"href":"https:\/\/macii.uaz.edu.mx\/index.php?rest_route=\/wp\/v2\/pages\/33","targetHints":{"allow":["GET"]}}],"collection":[{"href":"https:\/\/macii.uaz.edu.mx\/index.php?rest_route=\/wp\/v2\/pages"}],"about":[{"href":"https:\/\/macii.uaz.edu.mx\/index.php?rest_route=\/wp\/v2\/types\/page"}],"author":[{"embeddable":true,"href":"https:\/\/macii.uaz.edu.mx\/index.php?rest_route=\/wp\/v2\/users\/1"}],"replies":[{"embeddable":true,"href":"https:\/\/macii.uaz.edu.mx\/index.php?rest_route=%2Fwp%2Fv2%2Fcomments&post=33"}],"version-history":[{"count":13,"href":"https:\/\/macii.uaz.edu.mx\/index.php?rest_route=\/wp\/v2\/pages\/33\/revisions"}],"predecessor-version":[{"id":65,"href":"https:\/\/macii.uaz.edu.mx\/index.php?rest_route=\/wp\/v2\/pages\/33\/revisions\/65"}],"wp:attachment":[{"href":"https:\/\/macii.uaz.edu.mx\/index.php?rest_route=%2Fwp%2Fv2%2Fmedia&parent=33"}],"curies":[{"name":"wp","href":"https:\/\/api.w.org\/{rel}","templated":true}]}}