{"id":182,"date":"2025-10-01T14:09:50","date_gmt":"2025-10-01T20:09:50","guid":{"rendered":"https:\/\/macii.uaz.edu.mx\/?page_id=182"},"modified":"2025-10-01T14:11:30","modified_gmt":"2025-10-01T20:11:30","slug":"infraestructura-erca","status":"publish","type":"page","link":"https:\/\/macii.uaz.edu.mx\/?page_id=182","title":{"rendered":"Infraestructura ERCA"},"content":{"rendered":"\t\t<div data-elementor-type=\"wp-page\" data-elementor-id=\"182\" class=\"elementor elementor-182\">\n\t\t\t\t<div class=\"elementor-element elementor-element-3332a45 e-flex e-con-boxed e-con e-parent\" data-id=\"3332a45\" data-element_type=\"container\" data-e-type=\"container\">\n\t\t\t\t\t<div class=\"e-con-inner\">\n\t\t\t\t<div class=\"elementor-element elementor-element-f0c6616 elementor-widget elementor-widget-heading\" data-id=\"f0c6616\" data-element_type=\"widget\" data-e-type=\"widget\" data-widget_type=\"heading.default\">\n\t\t\t\t\t<h2 class=\"elementor-heading-title elementor-size-default\">Infraestructura ERCA<\/h2>\t\t\t\t<\/div>\n\t\t\t\t<div class=\"elementor-element elementor-element-7976c77 elementor-widget-divider--view-line elementor-widget elementor-widget-divider\" data-id=\"7976c77\" data-element_type=\"widget\" data-e-type=\"widget\" data-widget_type=\"divider.default\">\n\t\t\t\t\t\t\t<div class=\"elementor-divider\">\n\t\t\t<span class=\"elementor-divider-separator\">\n\t\t\t\t\t\t<\/span>\n\t\t<\/div>\n\t\t\t\t\t\t<\/div>\n\t\t\t\t\t<\/div>\n\t\t\t\t<\/div>\n\t\t<div class=\"elementor-element elementor-element-7c3a4d0 e-flex e-con-boxed e-con e-parent\" data-id=\"7c3a4d0\" data-element_type=\"container\" data-e-type=\"container\">\n\t\t\t\t\t<div class=\"e-con-inner\">\n\t\t\t\t<div class=\"elementor-element elementor-element-4a879cd elementor-widget elementor-widget-text-editor\" data-id=\"4a879cd\" data-element_type=\"widget\" data-e-type=\"widget\" data-widget_type=\"text-editor.default\">\n\t\t\t\t\t\t\t\t\t<p>Con el objetivo de dar cumplimiento satisfactorio al trabajo de investigaci\u00f3n que se realiza por parte de alumnos, t\u00e9cnicos y profesores de la Orientaci\u00f3n de Energ\u00edas Renovables y Ciencias Ambientales, la infraestructura con la que se cuenta en la Universidad Aut\u00f3noma de Zacatecas, se localiza principalmente en las Unidades Acad\u00e9micas de Ingenier\u00eda El\u00e9ctrica y Ciencias Qu\u00edmicas. Dichas instalaciones, tienen por objetivo el cultivar la l\u00ednea de investigaci\u00f3n de Energ\u00edas Renovables y Ciencias Ambientales:<\/p><p align=\"justify\"><strong>Fuentes alternas, recursos energ\u00e9ticos y calidad y ahorro de energ\u00eda<\/strong>: Se contempla el dise\u00f1o, desarrollo, construcci\u00f3n y caracterizaci\u00f3n de sistemas de generaci\u00f3n el\u00e9ctrica basados principalmente en sistema e\u00f3licos, sistemas fotovoltaicos y sistemas h\u00edbridos e\u00f3lico-fotovoltaico. Se contempla tambi\u00e9n el desarrollo tecnol\u00f3gico de convertidores de potencia aplicables a sistemas alternos de energ\u00eda. Se analiza, asimismo, el comportamiento del consumo energ\u00e9tico en instalaciones el\u00e9ctricas industriales o residenciales identificando las \u00e1reas de oportunidad para la disminuci\u00f3n y uso m\u00e1s eficiente de la energ\u00eda el\u00e9ctrica. Igualmente se desarrollan prototipos de automatizaci\u00f3n (dem\u00f3ticos) que contribuyan al ahorro de energ\u00eda el\u00e9ctrica basados en sistemas el\u00e9ctricos y electr\u00f3nicos.<\/p><p align=\"justify\"><strong>Ambiental, materiales y cat\u00e1lisis:\u00a0<\/strong>Tiene como objetivo estudiar, crear y difundir conocimiento sobre los diferentes procesos y t\u00e9cnicas de producci\u00f3n de energ\u00eda, haciendo \u00e9nfasis en el dise\u00f1o de procesos menos contaminantes y las diferentes alternativas de control de la contaminaci\u00f3n y remediaci\u00f3n del medio ambiente. Asimismo, tiene como prop\u00f3sito estudiar, crear y difundir conocimiento sobre materiales y dispositivos relacionados con la producci\u00f3n, procesamiento, ahorro y uso eficiente de recursos energ\u00e9ticos, haciendo \u00e9nfasis en los recursos energ\u00e9ticos renovables de que dispone nuestra regi\u00f3n y el pa\u00eds.<br \/>La infraestructura existente es:<\/p><h5>\u00a0<\/h5><h5>a<strong>).- Infraestructura en la Unidad Acad\u00e9mica de Ingenier\u00eda El\u00e9ctrica<\/strong><\/h5><p><u>Espacios f\u00edsicos:<\/u><\/p><ul><li>Laboratorio\/taller de fuentes alternas.<\/li><li>Laboratorio de electr\u00f3nica de potencia.<\/li><li>\u00c1rea de cub\u00edculos para alumnos.<\/li><\/ul><h5>\u00a0<\/h5><h5><strong>b).- Infraestructura en Unidad Acad\u00e9mica de Ciencias Qu\u00edmicas<\/strong><\/h5><p><u>Espacios f\u00edsicos:<\/u><\/p><ul><li>Laboratorio de qu\u00edmica.<\/li><li>Laboratorio de s\u00edntesis y transformaciones org\u00e1nicas.<\/li><li>Laboratorio de ingenier\u00eda qu\u00edmica.<\/li><li>\u00c1rea de cub\u00edculo para alumnos.<\/li><\/ul>\t\t\t\t\t\t\t\t<\/div>\n\t\t\t\t\t<\/div>\n\t\t\t\t<\/div>\n\t\t\t\t<\/div>\n\t\t","protected":false},"excerpt":{"rendered":"<p>Infraestructura ERCA Con el objetivo de dar cumplimiento satisfactorio al trabajo de investigaci\u00f3n que se realiza por parte de alumnos, t\u00e9cnicos y profesores de la Orientaci\u00f3n de Energ\u00edas Renovables y Ciencias Ambientales, la infraestructura con la que se cuenta en la Universidad Aut\u00f3noma de Zacatecas, se localiza principalmente en las Unidades Acad\u00e9micas de Ingenier\u00eda El\u00e9ctrica <a class=\"read-more\" href=\"https:\/\/macii.uaz.edu.mx\/?page_id=182\">Read More<\/a><\/p>\n","protected":false},"author":1,"featured_media":0,"parent":0,"menu_order":0,"comment_status":"closed","ping_status":"closed","template":"","meta":{"footnotes":""},"class_list":["post-182","page","type-page","status-publish","hentry"],"_links":{"self":[{"href":"https:\/\/macii.uaz.edu.mx\/index.php?rest_route=\/wp\/v2\/pages\/182","targetHints":{"allow":["GET"]}}],"collection":[{"href":"https:\/\/macii.uaz.edu.mx\/index.php?rest_route=\/wp\/v2\/pages"}],"about":[{"href":"https:\/\/macii.uaz.edu.mx\/index.php?rest_route=\/wp\/v2\/types\/page"}],"author":[{"embeddable":true,"href":"https:\/\/macii.uaz.edu.mx\/index.php?rest_route=\/wp\/v2\/users\/1"}],"replies":[{"embeddable":true,"href":"https:\/\/macii.uaz.edu.mx\/index.php?rest_route=%2Fwp%2Fv2%2Fcomments&post=182"}],"version-history":[{"count":10,"href":"https:\/\/macii.uaz.edu.mx\/index.php?rest_route=\/wp\/v2\/pages\/182\/revisions"}],"predecessor-version":[{"id":192,"href":"https:\/\/macii.uaz.edu.mx\/index.php?rest_route=\/wp\/v2\/pages\/182\/revisions\/192"}],"wp:attachment":[{"href":"https:\/\/macii.uaz.edu.mx\/index.php?rest_route=%2Fwp%2Fv2%2Fmedia&parent=182"}],"curies":[{"name":"wp","href":"https:\/\/api.w.org\/{rel}","templated":true}]}}