{"id":13,"date":"2025-09-24T13:18:28","date_gmt":"2025-09-24T19:18:28","guid":{"rendered":"https:\/\/macii.uaz.edu.mx\/?page_id=13"},"modified":"2025-09-24T13:51:08","modified_gmt":"2025-09-24T19:51:08","slug":"introduccion","status":"publish","type":"page","link":"https:\/\/macii.uaz.edu.mx\/?page_id=13","title":{"rendered":"Introducci\u00f3n"},"content":{"rendered":"\t\t<div data-elementor-type=\"wp-page\" data-elementor-id=\"13\" class=\"elementor elementor-13\">\n\t\t\t\t<div class=\"elementor-element elementor-element-c67d289 e-flex e-con-boxed e-con e-parent\" data-id=\"c67d289\" data-element_type=\"container\" data-e-type=\"container\">\n\t\t\t\t\t<div class=\"e-con-inner\">\n\t\t\t\t<div class=\"elementor-element elementor-element-1f1fb01 elementor-widget elementor-widget-heading\" data-id=\"1f1fb01\" data-element_type=\"widget\" data-e-type=\"widget\" data-widget_type=\"heading.default\">\n\t\t\t\t\t<h2 class=\"elementor-heading-title elementor-size-default\">Introducci\u00f3n<\/h2>\t\t\t\t<\/div>\n\t\t\t\t<div class=\"elementor-element elementor-element-a631f3e elementor-widget-divider--view-line elementor-widget elementor-widget-divider\" data-id=\"a631f3e\" data-element_type=\"widget\" data-e-type=\"widget\" data-widget_type=\"divider.default\">\n\t\t\t\t\t\t\t<div class=\"elementor-divider\">\n\t\t\t<span class=\"elementor-divider-separator\">\n\t\t\t\t\t\t<\/span>\n\t\t<\/div>\n\t\t\t\t\t\t<\/div>\n\t\t\t\t\t<\/div>\n\t\t\t\t<\/div>\n\t\t<div class=\"elementor-element elementor-element-115cfe8 e-flex e-con-boxed e-con e-parent\" data-id=\"115cfe8\" data-element_type=\"container\" data-e-type=\"container\">\n\t\t\t\t\t<div class=\"e-con-inner\">\n\t\t\t\t<div class=\"elementor-element elementor-element-1490e7b elementor-widget elementor-widget-text-editor\" data-id=\"1490e7b\" data-element_type=\"widget\" data-e-type=\"widget\" data-widget_type=\"text-editor.default\">\n\t\t\t\t\t\t\t\t\t<p style=\"margin: 10 200;\" align=\"justify\">El Programa de Maestr\u00eda en Ciencias de la Ingenier\u00eda se bas\u00f3 en un modelo participativo. En \u00e9ste proceso participaron Unidades Acad\u00e9micas en \u00c1reas: Ciencias Qu\u00edmicas, Ingenier\u00eda I, Ingenier\u00eda El\u00e9ctrica, Agronom\u00eda y F\u00edsica. En el programa de posgrado participan grupos de trabajo formados por profesores de diferentes Programas y Cuerpos Acad\u00e9micos: UAZ-CA 55, UAZ-CA 59, UAZ-CA 198, UAZ-CA 209, UAZ-CA 215, UAZ-CA 217 y UAZ-CA 228.<\/p><p align=\"justify\">El Programa de Maestr\u00eda en Ciencias de la Ingenier\u00eda, es un Programa de \u00c1rea, con pertinencia social y cient\u00edfica, acorde a los lineamientos del PNPC del CONACyT. \u00c9sta propuesta establece una estructura que fortalece la interdisciplinariedad y la participaci\u00f3n asociada de las diversas entidades acad\u00e9micas de la ingenier\u00eda en la UAZ y de aquellas instituciones externas que establecen relaciones acad\u00e9micas con nuestra Universidad en materia de estudios de posgrado. En resumen, esta propuesta fortalece la concepci\u00f3n de un nuevo Reglamento General de Estudios de Posgrado que permita la colaboraci\u00f3n y formaci\u00f3n multidisciplinaria en un posgrado.<\/p>\t\t\t\t\t\t\t\t<\/div>\n\t\t\t\t\t<\/div>\n\t\t\t\t<\/div>\n\t\t\t\t<\/div>\n\t\t","protected":false},"excerpt":{"rendered":"<p>Introducci\u00f3n El Programa de Maestr\u00eda en Ciencias de la Ingenier\u00eda se bas\u00f3 en un modelo participativo. En \u00e9ste proceso participaron Unidades Acad\u00e9micas en \u00c1reas: Ciencias Qu\u00edmicas, Ingenier\u00eda I, Ingenier\u00eda El\u00e9ctrica, Agronom\u00eda y F\u00edsica. En el programa de posgrado participan grupos de trabajo formados por profesores de diferentes Programas y Cuerpos Acad\u00e9micos: UAZ-CA 55, UAZ-CA 59, <a class=\"read-more\" href=\"https:\/\/macii.uaz.edu.mx\/?page_id=13\">Read More<\/a><\/p>\n","protected":false},"author":1,"featured_media":0,"parent":0,"menu_order":0,"comment_status":"closed","ping_status":"closed","template":"","meta":{"footnotes":""},"class_list":["post-13","page","type-page","status-publish","hentry"],"_links":{"self":[{"href":"https:\/\/macii.uaz.edu.mx\/index.php?rest_route=\/wp\/v2\/pages\/13","targetHints":{"allow":["GET"]}}],"collection":[{"href":"https:\/\/macii.uaz.edu.mx\/index.php?rest_route=\/wp\/v2\/pages"}],"about":[{"href":"https:\/\/macii.uaz.edu.mx\/index.php?rest_route=\/wp\/v2\/types\/page"}],"author":[{"embeddable":true,"href":"https:\/\/macii.uaz.edu.mx\/index.php?rest_route=\/wp\/v2\/users\/1"}],"replies":[{"embeddable":true,"href":"https:\/\/macii.uaz.edu.mx\/index.php?rest_route=%2Fwp%2Fv2%2Fcomments&post=13"}],"version-history":[{"count":7,"href":"https:\/\/macii.uaz.edu.mx\/index.php?rest_route=\/wp\/v2\/pages\/13\/revisions"}],"predecessor-version":[{"id":41,"href":"https:\/\/macii.uaz.edu.mx\/index.php?rest_route=\/wp\/v2\/pages\/13\/revisions\/41"}],"wp:attachment":[{"href":"https:\/\/macii.uaz.edu.mx\/index.php?rest_route=%2Fwp%2Fv2%2Fmedia&parent=13"}],"curies":[{"name":"wp","href":"https:\/\/api.w.org\/{rel}","templated":true}]}}